
5, 139
Let l(i) = i**3 + 29*i**2 + 27*i - 27. List the prime factors of l(-10).
7, 229
Let h(f) = -5*f**2 + f + 2. Let l(b) = 6*b**2 - b - 2. Let i(g) = 5*h(g) + 4*l(g). Let d be i(0). What are the prime factors of d/(-3) + 226/6?
37
Suppose 2*g - 14 = -f, 5*g + 3*f - 4 - 30 = 0. Suppose -3 = -j + g. List the prime factors of j.
11
Suppose 3*h + 25 = 4*b + b, 4*h + 10 = 2*b. Suppose -b*y = -y + 8. What are the prime factors of (-43)/(-2 - 2/y)?
43
Let v(a) = -a**3 + 3*a**2 + a + 8. Let j be v(4). What are the prime factors of (96/20)/(j/(-20))?
2, 3
Suppose -5*t = -5*o - 30, 5*t - 4*o - 18 = 2*t. Let b be 2*(39/t)/(-1). Let x = -3 - b. List the prime factors of x.
2, 5
Suppose -2*s = s - 894. List the prime factors of s.
2, 149
Let c be (-69)/(-6) + (-4)/8. Let a(y) = -y + 16. Let j be a(c). Suppose 4*o = -16, 5*v + o = j*o + 116. What are the prime factors of v?
2, 5
Let j(o) = 4 + 2*o - 15*o + 6*o + 8*o. List the prime factors of j(9).
13
Let i(h) = 39*h - 36. List the prime factors of i(3).
3
Suppose 304*j - 311*j = -19397. List the prime factors of j.
17, 163
Let d(z) = 5*z**2 - 13. Let w(p) = 4*p**2 - 14. Let b(o) = 5*d(o) - 6*w(o). Suppose 0 = -5*g - 2*u + 2, 0 = -g - 6*u + 2*u + 4. List the prime factors of b(g).
19
Let t(j) = -j**3 - 8*j**2 + 8*j + 3. Suppose 5*d + 25 = -5*n, -n - 19 - 6 = -4*d. Let f be t(n). Suppose -3*p - f = -45. What are the prime factors of p?
11
Suppose 0 = -2*i - 4, -2*p + 2*i = -3*i - 52. List the prime factors of 6/((p/18)/7).
2, 3
Let l = 2807 - 1957. List the prime factors of l.
2, 5, 17
Let r(n) = -n**2 - 5*n. Let s be r(-4). Suppose k + 0*y = y - 1, -12 = -s*y. Suppose 3*l - b - 37 = 37, -l + 27 = k*b. What are the prime factors of l?
5
What are the prime factors of 1 - 1 - (4*-488 - 7)?
3, 653
Let u(x) = x**2 - 19*x + 18. Let m be u(18). Suppose m = -35*g + 31*g + 440. List the prime factors of g.
2, 5, 11
Let a = -31 - -37. Suppose 4*r = a*r - 24. What are the prime factors of r?
2, 3
Suppose -13 = -2*m - 1. Suppose 0 = -m*f - 0*f + 186. List the prime factors of f.
31
Let t be 4211/4 + 3/(-4). List the prime factors of (2/8 + t/(-16))*-2.
131
Let v = 362 + -172. List the prime factors of v.
2, 5, 19
Let x be 1*(-8)/2 + 3. List the prime factors of (x + 22 + 1)*(-18)/(-12).
3, 11
Let o be (-429)/(-18) - 2/(-12). Suppose -5*f = -f + o. Let z(n) = n**2 + 6*n + 7. List the prime factors of z(f).
7
List the prime factors of (-6)/(-10) + -1 - (-40722)/55.
2, 5, 37
Suppose -o = 4*o - 10. Suppose 5*s - 299 = -y, s - 183 = -o*s + 3*y. What are the prime factors of s?
2, 3, 5
Let m(s) = 16*s - s**3 + 3 - 9*s**2 + 11 - 5. List the prime factors of m(-11).
3, 5
Let f(t) = 1 + t + 2*t - 2*t. Let b be f(12). Suppose 0 = -j + b + 13. List the prime factors of j.
2, 13
Suppose 0 = 2*z - 0 - 8. Suppose 4*u = 2*p - z*p, -2*p + 14 = -3*u. Suppose 3*i - h = -80 + 243, -3*h + 213 = p*i. What are the prime factors of i?
2, 3
Suppose 6*m - 3240 = 1320. What are the prime factors of m?
2, 5, 19
Let c(t) = -t + 1. Let w(g) = 24*g - 16. Let z(a) = -48*c(a) - 3*w(a). List the prime factors of z(-3).
2, 3
Suppose -y + 20 = 3*y. Suppose -y*b - 24 = -69. Suppose 4*f + 110 = b*f. List the prime factors of f.
2, 11
Suppose 20 = 5*g - q - 3*q, g - q - 5 = 0. Suppose 3*o - 489 = -3*t - g*t, -5*t = 3*o - 813. List the prime factors of t.
2, 3
Suppose 3*a = h + 4*a + 22, 0 = -2*h - a - 48. Let d = -12 - h. What are the prime factors of d?
2, 7
Let a = 0 - -3. Suppose q - 192 = -a*q. List the prime factors of q.
2, 3
Suppose 3*z - 3*v = 4*z - 19, -77 = -5*z + 3*v. Let k(r) = 5*r + 21. List the prime factors of k(z).
101
Suppose -2*f - 3*r = -12 - 13, -4*f + 5*r = -39. Let t be 3/4*((-2)/(-1) + 38). Let o = t - f. What are the prime factors of o?
19
List the prime factors of (-12)/27 - (-5370)/54.
3, 11
Suppose 0 = -5*j + 10. Suppose j*r = 76 + 96. What are the prime factors of r?
2, 43
Let y be 4/8 - 4940/(-8). Let f = y + -350. What are the prime factors of f?
2, 67
Let r = 2 + 17. Let b = r + -4. What are the prime factors of b?
3, 5
Let n(w) = 47*w**2 + 16*w - 23. List the prime factors of n(-5).
2, 67
Suppose 0 = -26*b - 173 + 407. Let m = 244 + -139. Suppose -m = -4*l - b. List the prime factors of l.
2, 3
Let f(c) be the third derivative of c**5/60 - c**4/6 - 10*c**2. Let x be f(4). Suppose -2*y + 3*y - 53 = x. List the prime factors of y.
53
Suppose 0 = 66*v - 14*v - 70668. List the prime factors of v.
3, 151
What are the prime factors of (1 - -855) + -15 + 19?
2, 5, 43
Suppose 1404 = 2*q + 2*q. Suppose 5*i = 4*u - q, -5*i + 4*i = -5*u + 423. What are the prime factors of u?
2, 3, 7
Suppose 3*z = -m - 2*m + 2532, 4*m - 3412 = 5*z. List the prime factors of m.
2, 53
Let h be (-2)/(-2) + -2 + -122. Let m = h + 193. List the prime factors of m.
2, 5, 7
Let q be (1 - -3)/(-4) + 5. Suppose 2*t + q = -2*d, -12 = 4*t + 4*d + d. List the prime factors of (2 - 2) + 4/t.
2
Let r = 126 + -119. Let c(l) = 2*l**3 - 11*l**2 + 8*l + 7. What are the prime factors of c(r)?
2, 3, 5, 7
Let k(c) = 6*c**3 - 7*c**2 + 7*c - 10. Let x(m) = -5*m**3 + 7*m**2 - 6*m + 10. Let q(l) = 4*k(l) + 5*x(l). List the prime factors of q(5).
2, 5
Suppose -8*f + 11*f = -h + 2290, -4*h - 2*f + 9130 = 0. List the prime factors of h.
2281
Suppose 6161 - 37049 = -54*i. List the prime factors of i.
2, 11, 13
Let i(h) = h**2 - 4*h + 9. Let x be i(8). Let v = x - -7. Suppose 0 = d - 2*d + v. List the prime factors of d.
2, 3
Let n = 64 + -30. Suppose -2*w + n = -w. Suppose 5*d = 3*d + w. List the prime factors of d.
17
Let p be 2*2*182/8. Suppose -2*j + l = -327, 490 = 4*j - j - l. Let b = j - p. What are the prime factors of b?
2, 3
Let r = -12 + 14. Suppose r*f - 10 = 0, 3*a = -f + 2*f + 400. What are the prime factors of a?
3, 5
Let r(d) = -d**3 + 25*d**2 + 2*d - 33. Let z be r(25). Let l(w) = w**2 - 6*w - 10. List the prime factors of l(z).
3, 59
Let p(t) = -t**3 + 27*t**2 + 70*t + 65. List the prime factors of p(29).
7, 59
Let p = -1994 - -3183. List the prime factors of p.
29, 41
Let t(b) = -7*b - 5. Let k(g) = -g**3 + 16*g**2 + 16*g + 8. Let u be k(17). What are the prime factors of t(u)?
2, 29
Let g be (-2 - -5)/((-6)/(-2)). Suppose -2*a = -3*a - g. Let p = a + 8. What are the prime factors of p?
7
Let p = -477 - -1693. List the prime factors of p.
2, 19
Suppose 3*d - 12 = -2*x - 0*x, -5*d + 7 = -x. Let i be (-2)/d - (5 + 43). Let t = -31 - i. List the prime factors of t.
2, 3
Suppose 13*y = -13932 + 65529. What are the prime factors of y?
3, 7
Let h be (-2)/(((-15)/201)/5). Let j = h - 69. List the prime factors of j.
5, 13
Suppose -17 = 5*o + 13. Let b = o - -17. Suppose b*y - 5*y = 258. List the prime factors of y.
43
Suppose 5*z - 3 = -m, -z - 2*z + 3*m - 9 = 0. Suppose -t = 2 - z, 3*h - 156 = 3*t. What are the prime factors of h?
2, 5
Let q(c) = -c - 1. Let z be q(15). Let a = 34 + z. What are the prime factors of a?
2, 3
Suppose -4*n = z - 11, -5*z + 3*n + 25 = -z. Let w(o) = 3*o - 4. Let p be w(z). Let c = -13 + p. List the prime factors of c.
2
Let w be 5265/(-18)*2/(-3). Let j be 398/(-3) + (-6)/18. Let a = w + j. What are the prime factors of a?
2, 31
Let c(x) = x**3 + 2*x**2 + x + 2. Let h be c(-2). Suppose h*w - 648 = -5*m - 4*w, -m - 4*w + 136 = 0. List the prime factors of m.
2
Suppose 4*q = -d - 3*d - 76, 2*q - 5*d = -3. Let f(k) = -k**2 - 15*k - 10. Let i be f(q). Suppose 0*v - 32 = -i*v. What are the prime factors of v?
2
Suppose -4*f - 376 = -3360. What are the prime factors of f?
2, 373
What are the prime factors of 2/(-8) - -6*11869/88?
809
Suppose 17 = o + 4*n, -4*n = -o + 6*o - 37. Suppose 2*g = -m + 77, o*m = -5*g + 2*g + 364. What are the prime factors of m?
71
Suppose 6*l + l - 868 = 0. List the prime factors of l.
2, 31
Let l(h) = -h. Suppose -5*f - 4 = -4*f - 5*o, 0 = 5*f - 4*o + 20. Let p be l(f). Suppose -p*m + 146 = 5*t, m - 73 = -5*t + 61. List the prime factors of t.
2, 13
Suppose -h = -210 - 67. What are the prime factors of h?
277
Suppose -24 = 2*d + 2. Let v = 275 - d. What are the prime factors of v?
2, 3
Let q = 868 + -24. List the prime factors of q.
2, 211
Suppose -4*x + 5*z - 7*z = 0, 2*z = 5*x. Let s(t) = t + 7. Let w be s(-5). Suppose x = a - w*a + 50. List the prime factors of a.
2, 5
Let u(x) = -x**3 - 21*x**2 - 3*x - 19